 be -1 + 221 - (1 + -1). Suppose 5*i = 5 + j. Is (5/3)/(5/i) a prime number?
False
Is ((-36)/(-3) - 7) + (0 - -3582) a prime number?
False
Let p(y) = 94*y**3 - 4*y**2 - 10*y + 11. Is p(4) a prime number?
True
Let z(j) = -31*j - 6 + 2 + 6. Let s be z(2). Let q = 139 + s. Is q composite?
False
Let q(u) = 1449*u**2 - 2*u + 1. Let n be q(1). Let v = n + 1937. Is v prime?
False
Let u = -40 - -37. Is 1 + u + -2 - -475 composite?
True
Let w(i) = i**3 + 25*i**2 - 25*i + 29. Let k be w(-26). Suppose 38 = -k*q + 5*q. Is q prime?
True
Let b be (50/15)/((-2)/(-6)). Let n(x) = 22*x - 17. Is n(b) prime?
False
Let k be (-10)/8*(-7 - -3). Let j(u) = -10*u**3 + 5*u**2 - u. Let n be j(2). Let x = k - n. Is x a composite number?
False
Let j(o) be the third derivative of o**5/12 - 13*o**4/24 - 13*o**3/6 + 10*o**2. Let z be j(-8). Let w = 146 + z. Is w prime?
True
Let m(l) = -l**3 + l**2 + 6*l + 2. Let v be m(3). Let g be ((-49)/2)/(v/(-12)). Suppose 3*b + 3*t - 414 = 0, 2*t - g = -b + 4*t. Is b composite?
True
Suppose 5*i = 4*c + 8896 - 821, -2*c - 8065 = -5*i. Let x = 924 - i. Is 4/6 - x/9 prime?
False
Let n(k) = 15*k**2 + 28. Is n(5) a composite number?
True
Suppose 6 = 2*g - 2*f - 12, 0 = 4*g - f - 21. Suppose 5*r + 404 - 7221 = -g*m, 4068 = 3*r - 5*m. Is r a prime number?
True
Is (-52)/234 - 21478/(-18) composite?
False
Suppose -d + 36838 = 5*c, 2*d + 4466 = -c + 11830. Suppose -5*t = -4*r + c, 0*r = -2*r - 4*t + 3710. Is r composite?
False
Let r(h) = -19429*h**3 - 11*h**2 - 31*h + 1. Is r(-2) a composite number?
True
Let k = -12632 - -30295. Is k prime?
False
Let u = 20 - 19. Is (2 - u)/((-3)/(-1893)) prime?
True
Suppose 4*w - 1437 = -0*w - i, -4*w + 1438 = 2*i. Let u = w - 196. Is u prime?
True
Let a be 2/(-5) - (-1397)/55. Let k = 284 + a. Is k composite?
True
Suppose 11707 = u - 2*w, 3*w - 37821 = -3*u - 2736. Is u prime?
True
Let y(x) = 2*x**3 - 4*x**2 + 4*x - 10. Let r be y(4). Let a = r - -187. Is a a prime number?
True
Is (-1)/((-4)/20276) - (-3 + 3) composite?
True
Let f(j) = 4*j**3 - 9*j**2 + 24*j + 48. Is f(11) a composite number?
False
Let r(i) = -i**2 + 13*i + 14. Let y be r(14). Suppose 8*c + 1287 - 7599 = y. Is c composite?
True
Suppose 5*o + 0*o = 3*o. Suppose o = j + t - 1395, -6947 = -5*j + 3*t - t. Is j prime?
False
Suppose 3*f + 5*f + 96 = 0. Is (4 - 2)/8 - 33/f a composite number?
False
Let n = -18 + 14. Let g be (-127)/n - (-6)/(-8). Suppose -s + 160 = g. Is s a prime number?
False
Suppose -a + 6 + 29 = 0. Is (373/(-5))/((-7)/a) a prime number?
True
Suppose -182055 = -8*k + 1021041. Is k a composite number?
True
Suppose 4*s = -10 + 46. Let m(x) = -x**2 + 9*x - 3. Let b be m(s). Is 488/24 + (-2)/b a prime number?
False
Let j(u) be the third derivative of 1/6*u**4 + 0*u + 0 + 4*u**2 + u**3. Is j(7) a prime number?
False
Let r(q) = -2*q + 7. Let p be r(-15). Suppose 4*k + p - 1 = 0. Is (1304/(-12))/(2/k) prime?
False
Let m be (-2 + 8/(-6))*159/(-2). Let f = -107 + m. Is f a composite number?
True
Suppose 2*y - 29 = -5*v, -v = -4*y - 2 + 5. Is (y + 1 + -4)*-427 a composite number?
True
Let c = -15 - -21. Let f(m) = 3*m - 46. Let t(i) = -2*i + 31. Let d(y) = -5*f(y) - 7*t(y). Is d(c) prime?
True
Suppose 36183 = 5*s + 4*l, 3*s - 6*s = 5*l - 21715. Is s a prime number?
False
Let i = -10 + 14. Suppose u - i*u - 9 = 0. Is (u - -1) + 2 - -79 prime?
True
Let w be (-219)/((-106)/(-28) - 4). Suppose j + 0*j + 258 = n, 2*j = 4*n - w. Is n a composite number?
True
Let w be ((-81)/2)/((-9)/12). Suppose -x + 3*x = -w. Is 1141/9 + (-6)/x a composite number?
False
Let i be 90/12 - 5/2. Suppose 525 = 4*g + g. Suppose 2*u + i*y - g = 93, 4*y - 16 = 0. Is u a composite number?
False
Let l(x) = 11*x**3 - 5*x**2 - 8*x + 17. Suppose 0 = 4*o - 10 - 2, 5*q - 5*o - 20 = 0. Is l(q) prime?
False
Let f be (5 - 6)*(1454 + -1). Let w be 0 - f*(-3 + 4). Let y = w - 774. Is y composite?
True
Suppose 0 = 8*q + 2*q - 27610. Suppose 0 = 4*p + m + 2*m - 3679, -3*p - 4*m + q = 0. Is p a composite number?
False
Let t = 9 - 5. Suppose 0 = -5*o + 2*l + 64, 57 = t*o - o + 5*l. Is (-2037)/o*14/(-3) composite?
True
Let y be (0/(-1))/(-9 + 6). Is (y - 4/((-8)/(-526)))*-1 a prime number?
True
Let d be (-63)/(-15) + 2/(-10). Let f be ((-314)/d)/(3/12). Is f/(-2)*(-6)/(-6) a composite number?
False
Let b = -9 - -11. Suppose 2*o = 4*g + 26, g + 1 = -3*o - b*o. Is 4/(-6)*333/g composite?
False
Let h = -34 - -30. Is 10/h + 1647/2 a prime number?
True
Suppose 0 = 5*u, -5*u + u + 1358 = 2*o. Is o prime?
False
Is (0 - -1)*((-7 - -3837) + -7) a prime number?
True
Let o(b) = 2*b + 1556. Let r be o(0). Suppose -4*u = -l - r, 2*u - 4*l - 778 = l. Is u a prime number?
True
Suppose z + z - 88 = 0. Suppose -4 = m, 283 = y + 4*m + 72. Let j = y - z. Is j a prime number?
False
Let b be 5/(-20) - (-13)/4. Let w be 65 + b + -7 + 2. Suppose -4*u + 5*j = -131 - w, u - j = 48. Is u composite?
True
Let t = 40 + -21. Let o = 17 - t. Is 26295/33 - o/11 a composite number?
False
Let p(m) = -m - 92. Let w be p(0). Let o = 309 + -519. Let t = w - o. Is t a composite number?
True
Suppose 2*f + 10 + 16 = 0. Let o(m) = -19*m**3 - 77*m**2 - 54*m + 82. Let l(a) = -3*a**3 - 13*a**2 - 9*a + 14. Let d(g) = -13*l(g) + 2*o(g). Is d(f) composite?
True
Suppose 5*l - 2218 = -2*y, 2*l + 3*y = 4*l - 872. Suppose 2*j - l = -4*g, -4*j + g - 331 = -1170. Is j a composite number?
False
Let i(w) = -w**2 - 5*w + 8. Let x be i(-9). Let l = -25 - x. Suppose -f = -l - 142. Is f a prime number?
False
Let h be (3/6)/((-3)/36*-3). Suppose 2*z - 2777 = -3*z - h*b, 549 = z + 2*b. Is z prime?
True
Let n = 15 - 12. Suppose 0 = -n*c, -o + 222 = 3*c - 37. Is o prime?
False
Let s = 47 - 76. Let k = -75 + 183. Let v = k + s. Is v a prime number?
True
Suppose 12*a = -a + 26. Suppose 4*l - l = -15, a*l = -3*p + 1109. Is p composite?
False
Let a(x) = -691*x**2 + 37*x - 91. Let m(z) = 173*z**2 - 9*z + 23. Let s(r) = 2*a(r) + 9*m(r). Is s(10) composite?
True
Suppose 0 = -32*g + 39*g - 16163. Is g prime?
True
Let v(w) be the first derivative of -w**2/2 + 67*w + 6. Let a be v(0). Let q = 101 - a. Is q a composite number?
True
Let z be 8/(-2 + 4) + -769. Let h = z + 1235. Let v = h + -279. Is v composite?
False
Let a(f) = -1131*f + 31. Is a(-2) composite?
False
Suppose -3*p - 3624 + 187707 = 0. Suppose 15*k - p - 47434 = 0. Is k composite?
False
Let k = -48879 - -82408. Is k a composite number?
False
Suppose 0*z + 16 = 4*z. Is 1 + 1 - -88 - z prime?
False
Suppose 3*s = -5*m + 1544, m + 4*s = 2*s + 306. Let o = -17 + m. Is o a prime number?
True
Let k = -1021 - -3180. Is k prime?
False
Suppose -3*o + 92 = -79. Suppose -3*p - 166 = -5*g, -p - g = -3*g + o. Let k = 36 - p. Is k prime?
True
Let z = -27033 + 53116. Is z prime?
True
Let s = 126 + -125. Is ((-1 - 2) + s)/(2/(-2063)) a prime number?
True
Suppose j - 6*j + 15 = 0. Suppose -50 = -j*b - 3*g + 202, 306 = 4*b - 2*g. Is b a prime number?
True
Let m = 2759 - -342. Is m composite?
True
Let f be 720/(-21)*21/(-2). Suppose 3*t - 305 = 8*g - 3*g, 4*t + 5*g = f. Is t a prime number?
False
Let v(g) = 3494*g - 3. Is v(1) a prime number?
True
Let h = -176 - -213. Let w(s) = -30*s - 1. Let z be w(-1). Suppose -3*v + z = -h. Is v a prime number?
False
Let l(w) = w**2 - 3*w - 4. Let x be l(-3). Let u = -11 + x. Suppose -4*g + 492 = 4*m - 0*m, -u*m + 5*g + 337 = 0. Is m composite?
True
Let b = -15 - -18. Suppose -b = 5*a - 443. Let i = -62 + a. Is i a composite number?
True
Let l = -9 + 11. Suppose 38*f + 460 = 40*f. Suppose 0 = d - b - 52 - 10, 0 = -4*d - l*b + f. Is d a composite number?
False
Let n be (3/(-2))/((-9)/12). Let r(w) = -3*w - 5*w + n*w + 3. Is r(-14) a composite number?
True
Let y(j) = -4*j + 7. Let m be y(8). Let g = 46 + m. Let k = g + -14. Is k a composite number?
False
Let k(b) = 20*b**2 + 3*b - 1. Let n be -2 + 4 - (1 - 3). Is k(n) prime?
True
Suppose -h - 2 = -3*h. Let k be -2 + -376 + (-3)/h. Is (8/(-24))/(1/k) prime?
True
Suppose -2*z + 3794 = 6*f - f, 4*z - 2*f - 7636 = 0. Is z a prime number?
True
Is -1 - (-1277 + -1 + 4) a composite number?
True
Let b = 13 - 13. Let r be -1 - 1 - (-176 - b). Let l = 377 - r. Is l a composite number?
True
Let h(u) = 3108*u - 361. Is h(4) composite?
False
Suppose -5*x + 8 + 32 = 0. Suppose -i - 3*w - 15 = -3, 2*w = -3*i - x. Suppose 5*s - 145 - 25 = i